f**2 + 299*f**3 - 3*f**2. Let t = -8 + 9. Is b(t) prime?
False
Suppose 0 = -3*x + 41044 - 2359. Is x prime?
False
Let y = -53379 + 87502. Is y composite?
False
Let i(w) be the third derivative of 0*w - 1/3*w**3 + 0 + w**2 + 221/60*w**5 + 1/12*w**4. Is i(1) prime?
False
Let q = -2423 - -8172. Is q a prime number?
True
Let f be (-9)/(-18) - 10/(-4). Suppose -5*n + 4*p + 2147 = 0, -5*n + 1730 = -n + f*p. Is n composite?
False
Suppose 0 = -2*j + 166 + 566. Let d = 221 + -40. Let i = j - d. Is i a prime number?
False
Let v(j) = -j**3 + 16*j**2 + 14*j + 24. Let o be v(17). Is 2066/4 - o/(-18) prime?
False
Suppose 0*s + 5*y = -4*s - 41, -9 = -4*s + 5*y. Let x(b) be the third derivative of -b**6/60 + b**5/60 + b**4/6 - b**3/6 + b**2. Is x(s) a composite number?
False
Let c(h) = 23*h + 17. Suppose 12 = 4*y - 2*y. Is c(y) prime?
False
Suppose -18*i + 161997 = 15*i. Is i composite?
False
Let n = -47 - -26. Let p be ((-9)/(-4))/(n/(-112)). Let b = p + 7. Is b a prime number?
True
Let p be 0*(3/(-6) - -1). Suppose 3*w - 1497 = -p*w. Is w prime?
True
Let w(f) = 231*f**2 - 5*f + 253. Is w(12) a composite number?
False
Suppose 5*i + 5*h - 11 - 19 = 0, 0 = -5*i - 3*h + 26. Let b(m) = 18*m**2 - 10*m - 30. Let v be b(9). Suppose -i*r + v = 2*r. Is r a composite number?
False
Suppose -4*g = q - 4416 - 12663, -25 = 5*q. Is g prime?
True
Suppose x + 3*y - 217 = -x, 5*x - 3*y = 511. Let p = -5 + 206. Let a = p - x. Is a prime?
True
Let t(u) = -4*u + 4. Let l be t(-6). Suppose -l = 2*k + 18. Is (k/3)/((-14)/42) a prime number?
True
Let x be 6 - -2*1/2. Suppose x*u = u + 894. Is u a prime number?
True
Let b(c) = -c**3 + 7*c**2 + 6*c + 10. Let h be b(8). Let a be 187/33 - (-4)/h. Suppose 2*x - 99 = 4*i + 327, -a*x + 2*i = -1081. Is x a composite number?
True
Let n(k) = 274*k - 71. Is n(7) composite?
False
Suppose 3*x = 4*x + 2*v, 5*x + 4*v - 12 = 0. Suppose x*y = 5*y. Suppose -3*s + y*s + 129 = 0. Is s prime?
True
Let z = -306 - -317. Let y = 16 - 8. Suppose z*o = y*o + 111. Is o a prime number?
True
Let v(o) = -5 + 2 - 2*o + 142*o**2 + 2 + 60*o**2. Is v(-3) a composite number?
False
Let q(m) = -6*m**2 - 16*m + 2. Let l be q(-19). Let f = 3371 + l. Is f a prime number?
True
Let u(m) = 36*m**2 - 19*m - 49. Is u(-6) a composite number?
False
Suppose 8 = -2*s, -2*w + 6*w - 2*s = 8. Is 2 - 0 - w - -805 composite?
True
Let l be (-1656)/(-56) + 3/7. Suppose -w - l = -360. Let d = 584 - w. Is d a composite number?
True
Let i = -10 - -14. Suppose i*m + 9 = -11. Let p(b) = -3*b + 4. Is p(m) a prime number?
True
Let z(i) = 19*i**3 + 3*i**2 - 2*i - 3. Is z(5) a composite number?
False
Is 2102 - (3 + (0 - 2)) a prime number?
False
Let q be ((-15)/9 - 0)*-3. Suppose 0 = h + q*b - 225, -3*h + 693 = -4*b + b. Suppose -h = -y - 4*y. Is y prime?
False
Let b be (-1)/(-1 - 3/(-6)). Is 489*3/27*12/b a prime number?
False
Is 17374 + 3*(-4)/(-4) a composite number?
False
Let q = -1560 - -2568. Suppose -q = 10*h - 6918. Is h prime?
False
Let d = 9411 + -5426. Is d a composite number?
True
Let h = 120 + -120. Suppose h = 6*w - 18247 - 6959. Is w prime?
True
Suppose -2*n + 3437 = 699. Is n prime?
False
Let a(u) be the third derivative of u**5/30 + 11*u**4/24 - 4*u**3/3 + 8*u**2. Is a(-13) prime?
False
Suppose -1129010 + 235494 = -26*w. Is w a composite number?
True
Let d(f) = 62*f + 461. Is d(24) composite?
False
Let c(u) = -u**2 - 2*u + 7. Let h be c(-4). Is 3804/6 + h + (0 - 2) a prime number?
True
Let b be (4 - 4)/(-6) + 1*28. Let j(i) = -7*i + 1. Let r be j(2). Let o = b + r. Is o a prime number?
False
Let f(i) = -12 - i**3 - 9*i - i**2 + 2 - 4*i**2 - 3*i**2. Let g be f(-7). Suppose 3 = -3*m, -y - y + g*m + 318 = 0. Is y a prime number?
True
Suppose 5*j - 4*j = 2. Suppose -z = -2*q - q + 3, 2*q + j*z = -6. Suppose q = 2*h + h - 159. Is h a prime number?
True
Suppose 5*w + 5*h + 4294 = h, 0 = 3*w - 4*h + 2570. Let l be ((-3640)/16 - -8)*(0 - -2). Let q = l - w. Is q a composite number?
False
Let u = 6 - 220. Suppose f = 19 + 2. Let c = f - u. Is c composite?
True
Suppose 9*d - 4*d = 10. Let i(a) = 449*a**2 - 2*a - 1. Let c be i(-1). Suppose -4*r = -d*u - r + 185, 5*u - c = -5*r. Is u prime?
False
Suppose 4*y = 8*y - 8. Suppose 236 = 3*v + c, y*v + 0*v + c = 159. Is v prime?
False
Let o(u) = -841*u + 1. Let i be o(-1). Let c = -279 + i. Suppose -c = -5*r + 2. Is r prime?
True
Let s(v) = 4*v**3 + 4*v**2 + 7*v - 4. Let t(w) = w + 26. Let k be t(6). Suppose -4*h - 3*z = -k, -8*h = -3*h - 2*z - 17. Is s(h) composite?
False
Let q = 21306 - 9113. Is q composite?
True
Suppose 5*g = 2*w - 6, -4*w + 0*g = -3*g - 12. Is 0 - (-334 - (-9)/w) a prime number?
True
Let w(u) = 257*u**2 - 10*u + 13. Is w(10) prime?
False
Let g be (-2)/(-6)*-1*(23 + -2). Let y(s) = 7*s**2 + 2*s + 18. Is y(g) composite?
False
Suppose 8 - 18 = -5*t. Let f(c) = c**2 - c. Let z be f(1). Suppose t*o + 0 - 6 = z. Is o composite?
False
Suppose -4*v = 1058 + 2. Let s be v - 0*1/2. Let i = s - -470. Is i prime?
False
Let n = 4 + 2. Suppose -h + n*h = 20. Suppose 0 = h*q - 168 - 348. Is q a prime number?
False
Suppose c = 5*c - 5132. Is c a composite number?
False
Let l = 21 + -25. Is (942/(-3))/(l + 2) composite?
False
Is 125/(-25) - 1438*-28 prime?
False
Let m(o) = 69*o - 21. Is m(12) composite?
True
Let f = -14 + 19. Suppose 5*x = u + 288, f*x + 5*u = x + 242. Suppose g - 1 = x. Is g a prime number?
True
Let m be 38/4 + (-1)/2. Let l = -1355 - -2400. Suppose 0 = -m*z + 4*z + l. Is z a prime number?
False
Is 44*(1446/8 + 5 - 4) composite?
True
Suppose -4*a - 13*m + 3128 = -8*m, -2*m - 795 = -a. Is a composite?
False
Suppose -y - 3*z + 8 = 3*y, 3*y = -2*z + 6. Let f be y + 2 + 1 + -3. Suppose -397 = -f*x + 129. Is x a prime number?
True
Let w be (-24)/30*(1001/(-2) + -2). Suppose -231 = -3*p + w. Is p prime?
True
Let x = -15 - -18. Suppose 6*j = x*j + 705. Is j a composite number?
True
Suppose 2*m + o - 43348 = 5, -4*m + o + 86709 = 0. Is m a composite number?
True
Suppose -2*k + 15 = 3. Suppose 3*j + k*j = 3771. Is j composite?
False
Let n be (-14)/4*(-16)/28. Suppose -1496 = 5*v + 4*w - 0*w, -v - 302 = -n*w. Let i = -89 - v. Is i a composite number?
False
Let t(m) = -1300*m + 1167. Is t(-29) composite?
False
Let u be (0/1 - -9) + -2. Suppose 2 = -v, q + 2*v = u*v + 8. Let d(p) = -57*p**3 - 3*p**2 - p - 1. Is d(q) a prime number?
False
Let t = 18 - 28. Let u = -10 - t. Is ((u - 3) + 32)*3 a composite number?
True
Suppose 2*l = -2*j - j + 15, -2*j + 6 = 0. Let w be 26/(-8) - l/4. Is (-111)/(-2)*w/(-6) composite?
False
Suppose 2713056 + 2827501 = 101*c. Is c prime?
False
Suppose 0 = 4*t - p - 165526, 3*p = -56 + 50. Is t composite?
False
Let l = -25 - -30. Suppose -l*r = -93 - 302. Is r a prime number?
True
Let v = -16 + 15. Suppose -3*u = s + 2 - 0, -5 = -5*s. Is v*(0 - 128 - u) a composite number?
False
Let i = -435 + 1978. Is i prime?
True
Let d = -48 + 67. Suppose -5*s + 2*p - 6*p = -51, 0 = -s - 3*p + d. Suppose z + 17 = 5*w, 5*w - s = -3*z + 22. Is w prime?
False
Is (0 - -5) + (5 - -4125) a prime number?
False
Let k(s) = -s**2 - 4*s + 5. Let a be k(-5). Let q(t) be the third derivative of t**5/60 + t**4/12 + 7*t**3/2 - 94*t**2. Is q(a) a prime number?
False
Let j(h) = 3*h**3 - 3*h**2 + h - 2. Let i be j(2). Suppose -4*l = -i - 4. Suppose 0 = l*z - 264 + 68. Is z a composite number?
True
Let a be (-2)/((-2)/3) + -3 + 5. Suppose 6155 = 5*d + a*j, 3*d + d = -j + 4918. Is d prime?
True
Let l(t) = -t**3 - 31*t**2 - 38*t - 35. Is l(-30) composite?
True
Is (10/4 - 2)/(4/102088) composite?
True
Suppose 4*b = 2869 + 2575. Is b composite?
False
Suppose -18*o = -46*o + 495796. Is o composite?
False
Suppose 0 = -5*h + 11*g - 14*g + 18793, 3*g - 3749 = -h. Is h a composite number?
False
Suppose 4*b - 4*s = 43811 + 16645, -2*b = 2*s - 30208. Is b a prime number?
False
Suppose 35*k + 4722 = 41*k. Is k prime?
True
Let m(w) be the second derivative of 71*w**4/24 + w**3/2 - 4*w**2 - 4*w. Let v(n) be the first derivative of m(n). Is v(1) composite?
True
Let p be (-1)/(6/(-15) - (-254)/610). Let f = 190 - p. Is f composite?
False
Let m = 2150 - 90. Suppose 0*l = 4*l - m. Suppose 3*j = -2*j + l. Is j a composite number?
False
Let a(y) = -4097*y - 137. Is a(-2) composite?
True
Let v = -5 - -5. Suppose v = 8*r - 21*r + 17459. Is r prime?
False
Sup